reatest common factor of 37 and 3543601?
37
What is the highest common factor of 364093 and 1346?
673
What is the highest common divisor of 2170 and 819020?
310
Calculate the highest common divisor of 1111550 and 3225.
1075
What is the highest common factor of 206063 and 242?
121
What is the greatest common divisor of 76 and 2458828?
76
Calculate the greatest common divisor of 1568 and 3416.
56
Calculate the greatest common divisor of 747 and 624492.
747
What is the highest common factor of 125 and 376925?
25
Calculate the highest common divisor of 136 and 195512.
8
What is the highest common factor of 198945 and 255?
15
What is the highest common factor of 38 and 5580946?
38
Calculate the highest common divisor of 32 and 43056.
16
What is the greatest common factor of 2204 and 37696?
76
Calculate the highest common factor of 15 and 18345.
15
Calculate the greatest common factor of 5805 and 141210.
135
Calculate the highest common divisor of 43029 and 3.
3
Calculate the greatest common factor of 122454 and 54.
18
What is the greatest common factor of 1350 and 150?
150
Calculate the greatest common factor of 29391 and 485.
97
Calculate the greatest common factor of 66 and 50776.
22
Calculate the greatest common divisor of 62 and 2683391.
31
What is the highest common factor of 235 and 20351?
47
What is the highest common factor of 67120 and 380?
20
Calculate the highest common divisor of 19 and 1089.
1
What is the highest common factor of 247 and 747617?
13
Calculate the greatest common divisor of 2492 and 94251.
89
What is the highest common divisor of 8 and 33238?
2
What is the highest common factor of 127344 and 672?
336
Calculate the greatest common divisor of 13 and 36881.
13
Calculate the highest common divisor of 13819 and 294451.
1063
What is the greatest common divisor of 1210 and 7690?
10
Calculate the greatest common factor of 580 and 773285.
145
What is the highest common divisor of 11192 and 126?
2
What is the greatest common divisor of 4246990 and 330?
110
What is the greatest common factor of 1941283 and 1882?
941
Calculate the greatest common divisor of 7952 and 18256.
112
Calculate the greatest common factor of 286 and 19756.
22
What is the greatest common divisor of 1011 and 387213?
1011
Calculate the highest common divisor of 2013 and 4575.
183
Calculate the greatest common factor of 7 and 119371.
7
Calculate the highest common factor of 22048 and 378950.
1378
What is the greatest common divisor of 47680 and 3?
1
What is the greatest common factor of 592 and 210256?
16
What is the highest common divisor of 289121 and 2884?
721
What is the greatest common divisor of 324 and 100?
4
Calculate the highest common factor of 589 and 118978.
589
What is the greatest common divisor of 695416 and 8?
8
Calculate the greatest common divisor of 13 and 2041741.
13
What is the greatest common factor of 70 and 1594005?
35
What is the greatest common factor of 836 and 16324?
44
What is the highest common factor of 840 and 34923?
21
Calculate the highest common divisor of 1463 and 14896.
133
What is the highest common divisor of 4914 and 144396?
378
What is the highest common divisor of 386 and 7141?
193
Calculate the highest common divisor of 318384 and 44.
44
What is the greatest common divisor of 770 and 1120?
70
What is the highest common divisor of 242 and 80465?
121
What is the greatest common divisor of 7101 and 7236?
27
What is the greatest common factor of 2128 and 17461?
19
Calculate the highest common divisor of 2528 and 2356.
4
Calculate the greatest common divisor of 15721 and 3781.
199
What is the greatest common divisor of 16635 and 915?
15
What is the greatest common factor of 61218 and 252?
18
Calculate the greatest common factor of 11664 and 16092.
108
What is the highest common divisor of 15834 and 28?
14
Calculate the greatest common divisor of 8600 and 1496.
8
Calculate the greatest common factor of 84 and 2396.
4
Calculate the greatest common divisor of 21222 and 9694.
262
Calculate the greatest common divisor of 400 and 4336.
16
Calculate the greatest common factor of 2486 and 726.
22
Calculate the highest common factor of 86815 and 3395.
485
What is the greatest common divisor of 196 and 64736?
28
What is the highest common factor of 3762 and 2135144?
418
Calculate the highest common divisor of 882 and 18662.
14
Calculate the highest common divisor of 4739 and 1012792.
677
What is the greatest common divisor of 106434 and 6561?
729
Calculate the highest common factor of 3153 and 69.
3
Calculate the greatest common divisor of 892 and 522266.
446
Calculate the highest common divisor of 3079 and 3.
1
What is the highest common factor of 1132 and 904185?
283
What is the highest common factor of 312 and 92703?
39
What is the highest common factor of 144 and 40770?
18
What is the highest common factor of 39 and 1434173?
13
Calculate the greatest common divisor of 14157 and 1053.
117
What is the highest common factor of 640 and 400?
80
Calculate the greatest common divisor of 22898 and 4922.
214
Calculate the highest common divisor of 52220 and 2380.
140
What is the greatest common divisor of 1395 and 25?
5
What is the highest common divisor of 272 and 193154?
34
Calculate the highest common factor of 337 and 329249.
337
Calculate the greatest common factor of 34 and 4339488.
34
Calculate the greatest common divisor of 402 and 3797493.
201
What is the greatest common divisor of 3108 and 390831?
777
Calculate the greatest common divisor of 7527274 and 6009.
2003
Calculate the greatest common factor of 430967 and 54944.
1717
What is the greatest common divisor of 176343 and 172?
43
What is the highest common factor of 126688 and 37?
37
What is the greatest common factor of 20162 and 51?
17
What is the highest common factor of 4048 and 1932?
92
Calculate the greatest common factor of 2107 and 1862.
49
Calculate the greatest common divisor of 58276 and 41993.
857
What is the greatest common divisor of 28329 and 798?
399
Calculate the greatest common divisor of 407881 and 765.
17
Calculate the highest common factor of 164 and 2019086.
82
Calculate the highest common divisor of 5829 and 12864.
201
Calculate the highest common divisor of 129 and 148952.
43
Calculate the highest common divisor of 837 and 132897.
93
Calculate the highest common divisor of 3404 and 17686.
74
Calculate the highest common factor of 996 and 113046.
498
What is the greatest common factor of 2853 and 1755?
9
What is the highest common divisor of 1292 and 15436?
68
Calculate the greatest common factor of 39057 and 16897.
277
What is the greatest common factor of 145 and 28797?
29
Calculate the highest common divisor of 17336 and 968.
88
Calculate the greatest common divisor of 1344 and 2880.
192
Calculate the greatest common divisor of 542128 and 4464.
496
Calculate the highest common divisor of 83 and 32702.
83
What is the greatest common factor of 15103 and 297?
11
What is the highest common factor of 12036 and 24?
12
Calculate the highest common factor of 589 and 2926.
19
Calculate the greatest common factor of 20800 and 1700.
100
Calculate the highest common divisor of 522146 and 46.
46
Calculate the highest common factor of 1204 and 429226.
602
Calculate the highest common divisor of 36803 and 20007.
247
Calculate the greatest common factor of 5069 and 74.
37
What is the highest common divisor of 5939037 and 46?
23
What is the greatest common divisor of 12665704 and 412?
412
Calculate the greatest common factor of 1168336 and 2952.
328
Calculate the greatest common factor of 189028 and 2380.
28
Calculate the highest common divisor of 7055 and 85.
85
Calculate the highest common divisor of 50 and 6086.
2
Calculate the greatest common factor of 38 and 12559.
19
What is the highest common divisor of 729236 and 4?
4
Calculate the greatest common divisor of 2698980 and 240.
60
Calculate the greatest common factor of 934 and 192871.
467
What is the greatest common divisor of 48 and 48792?
24
What is the highest common divisor of 4233 and 7221?
249
What is the highest common factor of 32489 and 265?
53
What is the highest common factor of 28 and 7956284?
28
Calculate the greatest common divisor of 45619 and 1330.
133
What is the highest common factor of 98